{"id":15264,"date":"2019-11-29T22:20:07","date_gmt":"2019-11-29T21:20:07","guid":{"rendered":"https:\/\/www.cupoftea.si\/product\/reloved-sessel-025\/"},"modified":"2022-11-29T14:39:24","modified_gmt":"2022-11-29T13:39:24","slug":"reloved-sessel-025","status":"publish","type":"product","link":"https:\/\/www.cupoftea.si\/de\/produkt\/reloved-sessel-025\/","title":{"rendered":"Reloved Sessel 025"},"content":{"rendered":"<p><span style=\"font-weight: 400;\">Dieser Sessel wurde mit viel Liebe restauriert und ist bereit f\u00fcr eine zweite Chance im neuen Zuhause. Ein bisschen aufmerksame Pflege und ein modernes Makeover, haben daf\u00fcr gesorgt, dass er viele Jahre lang bequem und brauchbar bleibt. Unsere Sessel sind die Empf\u00e4nger des unikaten Labels f\u00fcr hervorragendes Design \u201eMade in Slovenia.&#8220;<\/span><\/p>\n","protected":false},"excerpt":{"rendered":"<p><strong>Farbe:<\/strong> Dramatisches Schwarz (Die Farbe kann aufgrund der Bildschirmaufl\u00f6sung leicht abweichen.)<\/p>\n<p><strong>Material: <\/strong>Der Sessel behielt sein urspr\u00fcngliches Holz, erhielt neue, bequeme Kissen und ist mit einem hochwertigen, sorgf\u00e4ltig ausgew\u00e4hlten Samtbezug, ausgestattet.<\/p>\n<p><strong>Ma\u00dfe<\/strong>: 68 (H\u00f6he) x 71 (Breite) x 76 (Tiefe) cm<br \/>\n52 (Sitztiefe) &amp; 41 (Sitzh\u00f6he) cm<\/p>\n","protected":false},"featured_media":14083,"template":"","meta":{"_acf_changed":false,"_links_to":"","_links_to_target":""},"product_brand":[],"product_cat":[811,823],"product_tag":[812],"class_list":{"0":"post-15264","1":"product","2":"type-product","3":"status-publish","4":"has-post-thumbnail","6":"product_cat-mobel","7":"product_cat-angebot","8":"product_tag-sessel","10":"first","11":"outofstock","12":"shipping-taxable","13":"product-type-simple"},"acf":[],"yoast_head":"<!-- This site is optimized with the Yoast SEO plugin v25.2 - https:\/\/yoast.com\/wordpress\/plugins\/seo\/ -->\n<title>Reloved Sessel 025 - CUP OF TEA<\/title>\n<meta name=\"robots\" content=\"index, follow, max-snippet:-1, max-image-preview:large, max-video-preview:-1\" \/>\n<link rel=\"canonical\" href=\"https:\/\/www.cupoftea.si\/product\/reloved-armchair-dramatic-black\/\" \/>\n<meta property=\"og:locale\" content=\"de_DE\" \/>\n<meta property=\"og:type\" content=\"article\" \/>\n<meta property=\"og:title\" content=\"Reloved Sessel 025 - CUP OF TEA\" \/>\n<meta property=\"og:description\" content=\"Farbe: Dramatisches Schwarz (Die Farbe kann aufgrund der Bildschirmaufl\u00f6sung leicht abweichen.)  Material: Der Sessel behielt sein urspr\u00fcngliches Holz, erhielt neue, bequeme Kissen und ist mit einem hochwertigen, sorgf\u00e4ltig ausgew\u00e4hlten Samtbezug, ausgestattet.  Ma\u00dfe: 68 (H\u00f6he) x 71 (Breite) x 76 (Tiefe) cm 52 (Sitztiefe) &amp; 41 (Sitzh\u00f6he) cm\" \/>\n<meta property=\"og:url\" content=\"https:\/\/www.cupoftea.si\/product\/reloved-armchair-dramatic-black\/\" \/>\n<meta property=\"og:site_name\" content=\"CUP OF TEA\" \/>\n<meta property=\"article:publisher\" content=\"https:\/\/www.facebook.com\/cupoftea.si\/\" \/>\n<meta property=\"article:modified_time\" content=\"2022-11-29T13:39:24+00:00\" \/>\n<meta property=\"og:image\" content=\"https:\/\/www.cupoftea.si\/wp-content\/uploads\/2019\/09\/Cup-of-tea-2000px-250kb-16-e1567704122461.jpg\" \/>\n\t<meta property=\"og:image:width\" content=\"1325\" \/>\n\t<meta property=\"og:image:height\" content=\"1325\" \/>\n\t<meta property=\"og:image:type\" content=\"image\/jpeg\" \/>\n<meta name=\"twitter:card\" content=\"summary_large_image\" \/>\n<meta name=\"twitter:site\" content=\"@CupOfTeaSI\" \/>\n<script type=\"application\/ld+json\" class=\"yoast-schema-graph\">{\"@context\":\"https:\/\/schema.org\",\"@graph\":[{\"@type\":\"WebPage\",\"@id\":\"https:\/\/www.cupoftea.si\/product\/reloved-armchair-dramatic-black\/\",\"url\":\"https:\/\/www.cupoftea.si\/product\/reloved-armchair-dramatic-black\/\",\"name\":\"Reloved Sessel 025 - CUP OF TEA\",\"isPartOf\":{\"@id\":\"https:\/\/www.cupoftea.si\/#website\"},\"primaryImageOfPage\":{\"@id\":\"https:\/\/www.cupoftea.si\/product\/reloved-armchair-dramatic-black\/#primaryimage\"},\"image\":{\"@id\":\"https:\/\/www.cupoftea.si\/product\/reloved-armchair-dramatic-black\/#primaryimage\"},\"thumbnailUrl\":\"https:\/\/www.cupoftea.si\/wp-content\/uploads\/2019\/09\/Cup-of-tea-2000px-250kb-16-e1567704122461.jpg\",\"datePublished\":\"2019-11-29T21:20:07+00:00\",\"dateModified\":\"2022-11-29T13:39:24+00:00\",\"breadcrumb\":{\"@id\":\"https:\/\/www.cupoftea.si\/product\/reloved-armchair-dramatic-black\/#breadcrumb\"},\"inLanguage\":\"de\",\"potentialAction\":[{\"@type\":\"ReadAction\",\"target\":[\"https:\/\/www.cupoftea.si\/product\/reloved-armchair-dramatic-black\/\"]}]},{\"@type\":\"ImageObject\",\"inLanguage\":\"de\",\"@id\":\"https:\/\/www.cupoftea.si\/product\/reloved-armchair-dramatic-black\/#primaryimage\",\"url\":\"https:\/\/www.cupoftea.si\/wp-content\/uploads\/2019\/09\/Cup-of-tea-2000px-250kb-16-e1567704122461.jpg\",\"contentUrl\":\"https:\/\/www.cupoftea.si\/wp-content\/uploads\/2019\/09\/Cup-of-tea-2000px-250kb-16-e1567704122461.jpg\",\"width\":1325,\"height\":1325,\"caption\":\"RELOVED SESSEL CUP OF TEA VINTAGE SAMT SCHWARZ\"},{\"@type\":\"BreadcrumbList\",\"@id\":\"https:\/\/www.cupoftea.si\/product\/reloved-armchair-dramatic-black\/#breadcrumb\",\"itemListElement\":[{\"@type\":\"ListItem\",\"position\":1,\"name\":\"Home\",\"item\":\"https:\/\/www.cupoftea.si\/de\/\"},{\"@type\":\"ListItem\",\"position\":2,\"name\":\"Shop\",\"item\":\"https:\/\/www.cupoftea.si\/de\/shop\/\"},{\"@type\":\"ListItem\",\"position\":3,\"name\":\"Reloved Sessel 025\"}]},{\"@type\":\"WebSite\",\"@id\":\"https:\/\/www.cupoftea.si\/#website\",\"url\":\"https:\/\/www.cupoftea.si\/\",\"name\":\"CUP OF TEA\",\"description\":\"Reloved Furniture &amp; Interiors\",\"potentialAction\":[{\"@type\":\"SearchAction\",\"target\":{\"@type\":\"EntryPoint\",\"urlTemplate\":\"https:\/\/www.cupoftea.si\/?s={search_term_string}\"},\"query-input\":{\"@type\":\"PropertyValueSpecification\",\"valueRequired\":true,\"valueName\":\"search_term_string\"}}],\"inLanguage\":\"de\"}]}<\/script>\n<!-- \/ Yoast SEO plugin. -->","yoast_head_json":{"title":"Reloved Sessel 025 - CUP OF TEA","robots":{"index":"index","follow":"follow","max-snippet":"max-snippet:-1","max-image-preview":"max-image-preview:large","max-video-preview":"max-video-preview:-1"},"canonical":"https:\/\/www.cupoftea.si\/product\/reloved-armchair-dramatic-black\/","og_locale":"de_DE","og_type":"article","og_title":"Reloved Sessel 025 - CUP OF TEA","og_description":"Farbe: Dramatisches Schwarz (Die Farbe kann aufgrund der Bildschirmaufl\u00f6sung leicht abweichen.)  Material: Der Sessel behielt sein urspr\u00fcngliches Holz, erhielt neue, bequeme Kissen und ist mit einem hochwertigen, sorgf\u00e4ltig ausgew\u00e4hlten Samtbezug, ausgestattet.  Ma\u00dfe: 68 (H\u00f6he) x 71 (Breite) x 76 (Tiefe) cm 52 (Sitztiefe) &amp; 41 (Sitzh\u00f6he) cm","og_url":"https:\/\/www.cupoftea.si\/product\/reloved-armchair-dramatic-black\/","og_site_name":"CUP OF TEA","article_publisher":"https:\/\/www.facebook.com\/cupoftea.si\/","article_modified_time":"2022-11-29T13:39:24+00:00","og_image":[{"width":1325,"height":1325,"url":"https:\/\/www.cupoftea.si\/wp-content\/uploads\/2019\/09\/Cup-of-tea-2000px-250kb-16-e1567704122461.jpg","type":"image\/jpeg"}],"twitter_card":"summary_large_image","twitter_site":"@CupOfTeaSI","schema":{"@context":"https:\/\/schema.org","@graph":[{"@type":"WebPage","@id":"https:\/\/www.cupoftea.si\/product\/reloved-armchair-dramatic-black\/","url":"https:\/\/www.cupoftea.si\/product\/reloved-armchair-dramatic-black\/","name":"Reloved Sessel 025 - CUP OF TEA","isPartOf":{"@id":"https:\/\/www.cupoftea.si\/#website"},"primaryImageOfPage":{"@id":"https:\/\/www.cupoftea.si\/product\/reloved-armchair-dramatic-black\/#primaryimage"},"image":{"@id":"https:\/\/www.cupoftea.si\/product\/reloved-armchair-dramatic-black\/#primaryimage"},"thumbnailUrl":"https:\/\/www.cupoftea.si\/wp-content\/uploads\/2019\/09\/Cup-of-tea-2000px-250kb-16-e1567704122461.jpg","datePublished":"2019-11-29T21:20:07+00:00","dateModified":"2022-11-29T13:39:24+00:00","breadcrumb":{"@id":"https:\/\/www.cupoftea.si\/product\/reloved-armchair-dramatic-black\/#breadcrumb"},"inLanguage":"de","potentialAction":[{"@type":"ReadAction","target":["https:\/\/www.cupoftea.si\/product\/reloved-armchair-dramatic-black\/"]}]},{"@type":"ImageObject","inLanguage":"de","@id":"https:\/\/www.cupoftea.si\/product\/reloved-armchair-dramatic-black\/#primaryimage","url":"https:\/\/www.cupoftea.si\/wp-content\/uploads\/2019\/09\/Cup-of-tea-2000px-250kb-16-e1567704122461.jpg","contentUrl":"https:\/\/www.cupoftea.si\/wp-content\/uploads\/2019\/09\/Cup-of-tea-2000px-250kb-16-e1567704122461.jpg","width":1325,"height":1325,"caption":"RELOVED SESSEL CUP OF TEA VINTAGE SAMT SCHWARZ"},{"@type":"BreadcrumbList","@id":"https:\/\/www.cupoftea.si\/product\/reloved-armchair-dramatic-black\/#breadcrumb","itemListElement":[{"@type":"ListItem","position":1,"name":"Home","item":"https:\/\/www.cupoftea.si\/de\/"},{"@type":"ListItem","position":2,"name":"Shop","item":"https:\/\/www.cupoftea.si\/de\/shop\/"},{"@type":"ListItem","position":3,"name":"Reloved Sessel 025"}]},{"@type":"WebSite","@id":"https:\/\/www.cupoftea.si\/#website","url":"https:\/\/www.cupoftea.si\/","name":"CUP OF TEA","description":"Reloved Furniture &amp; Interiors","potentialAction":[{"@type":"SearchAction","target":{"@type":"EntryPoint","urlTemplate":"https:\/\/www.cupoftea.si\/?s={search_term_string}"},"query-input":{"@type":"PropertyValueSpecification","valueRequired":true,"valueName":"search_term_string"}}],"inLanguage":"de"}]}},"_links":{"self":[{"href":"https:\/\/www.cupoftea.si\/de\/wp-json\/wp\/v2\/product\/15264"}],"collection":[{"href":"https:\/\/www.cupoftea.si\/de\/wp-json\/wp\/v2\/product"}],"about":[{"href":"https:\/\/www.cupoftea.si\/de\/wp-json\/wp\/v2\/types\/product"}],"wp:featuredmedia":[{"embeddable":true,"href":"https:\/\/www.cupoftea.si\/de\/wp-json\/wp\/v2\/media\/14083"}],"wp:attachment":[{"href":"https:\/\/www.cupoftea.si\/de\/wp-json\/wp\/v2\/media?parent=15264"}],"wp:term":[{"taxonomy":"product_brand","embeddable":true,"href":"https:\/\/www.cupoftea.si\/de\/wp-json\/wp\/v2\/product_brand?post=15264"},{"taxonomy":"product_cat","embeddable":true,"href":"https:\/\/www.cupoftea.si\/de\/wp-json\/wp\/v2\/product_cat?post=15264"},{"taxonomy":"product_tag","embeddable":true,"href":"https:\/\/www.cupoftea.si\/de\/wp-json\/wp\/v2\/product_tag?post=15264"}],"curies":[{"name":"wp","href":"https:\/\/api.w.org\/{rel}","templated":true}]}}

<p><span style="font-weight: 400;">Dieser Sessel wurde mit viel Liebe restauriert und ist bereit für eine zweite Chance im neuen Zuhause. Ein bisschen aufmerksame Pflege und ein modernes Makeover, haben dafür gesorgt, dass er viele Jahre lang bequem und brauchbar bleibt. Unsere Sessel sind die Empfänger des unikaten Labels für hervorragendes Design „Made in Slovenia.&#8220;</span></p>

<p><strong>Farbe:</strong> Dramatisches Schwarz (Die Farbe kann aufgrund der Bildschirmauflösung leicht abweichen.)</p>
<p><strong>Material: </strong>Der Sessel behielt sein ursprüngliches Holz, erhielt neue, bequeme Kissen und ist mit einem hochwertigen, sorgfältig ausgewählten Samtbezug, ausgestattet.</p>
<p><strong>Maße</strong>: 68 (Höhe) x 71 (Breite) x 76 (Tiefe) cm<br />
52 (Sitztiefe) &amp; 41 (Sitzhöhe) cm</p>

<!-- This site is optimized with the Yoast SEO plugin v25.2 - https://yoast.com/wordpress/plugins/seo/ -->
<title>Reloved Sessel 025 - CUP OF TEA</title>
<meta name="robots" content="index, follow, max-snippet:-1, max-image-preview:large, max-video-preview:-1" />
<link rel="canonical" href="https://www.cupoftea.si/product/reloved-armchair-dramatic-black/" />
<meta property="og:locale" content="de_DE" />
<meta property="og:type" content="article" />
<meta property="og:title" content="Reloved Sessel 025 - CUP OF TEA" />
<meta property="og:description" content="Farbe: Dramatisches Schwarz (Die Farbe kann aufgrund der Bildschirmauflösung leicht abweichen.)  Material: Der Sessel behielt sein ursprüngliches Holz, erhielt neue, bequeme Kissen und ist mit einem hochwertigen, sorgfältig ausgewählten Samtbezug, ausgestattet.  Maße: 68 (Höhe) x 71 (Breite) x 76 (Tiefe) cm 52 (Sitztiefe) &amp; 41 (Sitzhöhe) cm" />
<meta property="og:url" content="https://www.cupoftea.si/product/reloved-armchair-dramatic-black/" />
<meta property="og:site_name" content="CUP OF TEA" />
<meta property="article:publisher" content="https://www.facebook.com/cupoftea.si/" />
<meta property="article:modified_time" content="2022-11-29T13:39:24+00:00" />
<meta property="og:image" content="https://www.cupoftea.si/wp-content/uploads/2019/09/Cup-of-tea-2000px-250kb-16-e1567704122461.jpg" />
	<meta property="og:image:width" content="1325" />
	<meta property="og:image:height" content="1325" />
	<meta property="og:image:type" content="image/jpeg" />
<meta name="twitter:card" content="summary_large_image" />
<meta name="twitter:site" content="@CupOfTeaSI" />
<script type="application/ld+json" class="yoast-schema-graph">{"@context":"https://schema.org","@graph":[{"@type":"WebPage","@id":"https://www.cupoftea.si/product/reloved-armchair-dramatic-black/","url":"https://www.cupoftea.si/product/reloved-armchair-dramatic-black/","name":"Reloved Sessel 025 - CUP OF TEA","isPartOf":{"@id":"https://www.cupoftea.si/#website"},"primaryImageOfPage":{"@id":"https://www.cupoftea.si/product/reloved-armchair-dramatic-black/#primaryimage"},"image":{"@id":"https://www.cupoftea.si/product/reloved-armchair-dramatic-black/#primaryimage"},"thumbnailUrl":"https://www.cupoftea.si/wp-content/uploads/2019/09/Cup-of-tea-2000px-250kb-16-e1567704122461.jpg","datePublished":"2019-11-29T21:20:07+00:00","dateModified":"2022-11-29T13:39:24+00:00","breadcrumb":{"@id":"https://www.cupoftea.si/product/reloved-armchair-dramatic-black/#breadcrumb"},"inLanguage":"de","potentialAction":[{"@type":"ReadAction","target":["https://www.cupoftea.si/product/reloved-armchair-dramatic-black/"]}]},{"@type":"ImageObject","inLanguage":"de","@id":"https://www.cupoftea.si/product/reloved-armchair-dramatic-black/#primaryimage","url":"https://www.cupoftea.si/wp-content/uploads/2019/09/Cup-of-tea-2000px-250kb-16-e1567704122461.jpg","contentUrl":"https://www.cupoftea.si/wp-content/uploads/2019/09/Cup-of-tea-2000px-250kb-16-e1567704122461.jpg","width":1325,"height":1325,"caption":"RELOVED SESSEL CUP OF TEA VINTAGE SAMT SCHWARZ"},{"@type":"BreadcrumbList","@id":"https://www.cupoftea.si/product/reloved-armchair-dramatic-black/#breadcrumb","itemListElement":[{"@type":"ListItem","position":1,"name":"Home","item":"https://www.cupoftea.si/de/"},{"@type":"ListItem","position":2,"name":"Shop","item":"https://www.cupoftea.si/de/shop/"},{"@type":"ListItem","position":3,"name":"Reloved Sessel 025"}]},{"@type":"WebSite","@id":"https://www.cupoftea.si/#website","url":"https://www.cupoftea.si/","name":"CUP OF TEA","description":"Reloved Furniture &amp; Interiors","potentialAction":[{"@type":"SearchAction","target":{"@type":"EntryPoint","urlTemplate":"https://www.cupoftea.si/?s={search_term_string}"},"query-input":{"@type":"PropertyValueSpecification","valueRequired":true,"valueName":"search_term_string"}}],"inLanguage":"de"}]}</script>
<!-- / Yoast SEO plugin. -->

Farbe: Dramatisches Schwarz (Die Farbe kann aufgrund der Bildschirmauflösung leicht abweichen.)  Material: Der Sessel behielt sein ursprüngliches Holz, erhielt neue, bequeme Kissen und ist mit einem hochwertigen, sorgfältig ausgewählten Samtbezug, ausgestattet.  Maße: 68 (Höhe) x 71 (Breite) x 76 (Tiefe) cm 52 (Sitztiefe) &amp; 41 (Sitzhöhe) cm
